{"id":68,"date":"2020-06-03T20:11:05","date_gmt":"2020-06-03T17:11:05","guid":{"rendered":"http:\/\/demo.safirtema.com\/rota\/?page_id=68"},"modified":"2025-10-08T21:09:54","modified_gmt":"2025-10-08T18:09:54","slug":"foto-galeri","status":"publish","type":"page","link":"https:\/\/ipekotoservisi.com\/?page_id=68","title":{"rendered":"Foto Galeri (Lightbox)"},"content":{"rendered":"\n<p>\u0130pek Oto Servis Olarak Pejo-Opel-Kia-Fiat-Citr\u00f6en-Hundai Marka b\u00fct\u00fcn ara\u00e7lar\u0131n tamir ve bak\u0131m hizmetleri yap\u0131lmaktad\u0131r.<\/p>\n\n\n\n<figure class=\"wp-block-gallery has-nested-images columns-default is-cropped wp-block-gallery-1 is-layout-flex wp-block-gallery-is-layout-flex\">\n<figure class=\"wp-block-image size-large\"><a href=\"https:\/\/ipekotoservisi.com\/wp-content\/uploads\/2025\/10\/1.jpg\"><img loading=\"lazy\" decoding=\"async\" width=\"768\" height=\"1024\" data-id=\"285\" src=\"https:\/\/ipekotoservisi.com\/wp-content\/uploads\/2025\/10\/1-768x1024.jpg\" alt=\"\" class=\"wp-image-285\" srcset=\"https:\/\/ipekotoservisi.com\/wp-content\/uploads\/2025\/10\/1-768x1024.jpg 768w, https:\/\/ipekotoservisi.com\/wp-content\/uploads\/2025\/10\/1-225x300.jpg 225w, https:\/\/ipekotoservisi.com\/wp-content\/uploads\/2025\/10\/1-1152x1536.jpg 1152w, https:\/\/ipekotoservisi.com\/wp-content\/uploads\/2025\/10\/1.jpg 1536w\" sizes=\"auto, (max-width: 768px) 100vw, 768px\" \/><\/a><\/figure>\n\n\n\n<figure class=\"wp-block-image size-large\"><a href=\"https:\/\/ipekotoservisi.com\/wp-content\/uploads\/2025\/10\/2.jpg\"><img loading=\"lazy\" decoding=\"async\" width=\"576\" height=\"1024\" data-id=\"286\" src=\"https:\/\/ipekotoservisi.com\/wp-content\/uploads\/2025\/10\/2-576x1024.jpg\" alt=\"\" class=\"wp-image-286\" srcset=\"https:\/\/ipekotoservisi.com\/wp-content\/uploads\/2025\/10\/2-576x1024.jpg 576w, https:\/\/ipekotoservisi.com\/wp-content\/uploads\/2025\/10\/2-169x300.jpg 169w, https:\/\/ipekotoservisi.com\/wp-content\/uploads\/2025\/10\/2-768x1365.jpg 768w, https:\/\/ipekotoservisi.com\/wp-content\/uploads\/2025\/10\/2-864x1536.jpg 864w, https:\/\/ipekotoservisi.com\/wp-content\/uploads\/2025\/10\/2.jpg 1152w\" sizes=\"auto, (max-width: 576px) 100vw, 576px\" \/><\/a><\/figure>\n\n\n\n<figure class=\"wp-block-image size-large\"><a href=\"https:\/\/ipekotoservisi.com\/wp-content\/uploads\/2025\/10\/3.jpg\"><img loading=\"lazy\" decoding=\"async\" width=\"768\" height=\"1024\" data-id=\"287\" src=\"https:\/\/ipekotoservisi.com\/wp-content\/uploads\/2025\/10\/3-768x1024.jpg\" alt=\"\" class=\"wp-image-287\" srcset=\"https:\/\/ipekotoservisi.com\/wp-content\/uploads\/2025\/10\/3-768x1024.jpg 768w, https:\/\/ipekotoservisi.com\/wp-content\/uploads\/2025\/10\/3-225x300.jpg 225w, https:\/\/ipekotoservisi.com\/wp-content\/uploads\/2025\/10\/3-1152x1536.jpg 1152w, https:\/\/ipekotoservisi.com\/wp-content\/uploads\/2025\/10\/3.jpg 1536w\" sizes=\"auto, (max-width: 768px) 100vw, 768px\" \/><\/a><\/figure>\n\n\n\n<figure class=\"wp-block-image size-large\"><a href=\"https:\/\/ipekotoservisi.com\/wp-content\/uploads\/2025\/10\/4.jpg\"><img loading=\"lazy\" decoding=\"async\" width=\"1536\" height=\"2048\" data-id=\"288\" src=\"https:\/\/ipekotoservisi.com\/wp-content\/uploads\/2025\/10\/4-768x1024.jpg\" alt=\"\" class=\"wp-image-288\" srcset=\"https:\/\/ipekotoservisi.com\/wp-content\/uploads\/2025\/10\/4-768x1024.jpg 768w, https:\/\/ipekotoservisi.com\/wp-content\/uploads\/2025\/10\/4-225x300.jpg 225w, https:\/\/ipekotoservisi.com\/wp-content\/uploads\/2025\/10\/4-1152x1536.jpg 1152w, https:\/\/ipekotoservisi.com\/wp-content\/uploads\/2025\/10\/4.jpg 1536w\" sizes=\"auto, (max-width: 1536px) 100vw, 1536px\" \/><\/a><\/figure>\n\n\n\n<figure class=\"wp-block-image size-large\"><a href=\"https:\/\/ipekotoservisi.com\/wp-content\/uploads\/2025\/10\/5.jpg\"><img loading=\"lazy\" decoding=\"async\" width=\"768\" height=\"1024\" data-id=\"289\" src=\"https:\/\/ipekotoservisi.com\/wp-content\/uploads\/2025\/10\/5-768x1024.jpg\" alt=\"\" class=\"wp-image-289\" srcset=\"https:\/\/ipekotoservisi.com\/wp-content\/uploads\/2025\/10\/5-768x1024.jpg 768w, https:\/\/ipekotoservisi.com\/wp-content\/uploads\/2025\/10\/5-225x300.jpg 225w, https:\/\/ipekotoservisi.com\/wp-content\/uploads\/2025\/10\/5-1152x1536.jpg 1152w, https:\/\/ipekotoservisi.com\/wp-content\/uploads\/2025\/10\/5.jpg 1536w\" sizes=\"auto, (max-width: 768px) 100vw, 768px\" \/><\/a><\/figure>\n\n\n\n<figure class=\"wp-block-image size-large\"><a href=\"https:\/\/ipekotoservisi.com\/wp-content\/uploads\/2025\/10\/6.jpg\"><img loading=\"lazy\" decoding=\"async\" width=\"768\" height=\"1024\" data-id=\"290\" src=\"https:\/\/ipekotoservisi.com\/wp-content\/uploads\/2025\/10\/6-768x1024.jpg\" alt=\"\" class=\"wp-image-290\" srcset=\"https:\/\/ipekotoservisi.com\/wp-content\/uploads\/2025\/10\/6-768x1024.jpg 768w, https:\/\/ipekotoservisi.com\/wp-content\/uploads\/2025\/10\/6-225x300.jpg 225w, https:\/\/ipekotoservisi.com\/wp-content\/uploads\/2025\/10\/6-1152x1536.jpg 1152w, https:\/\/ipekotoservisi.com\/wp-content\/uploads\/2025\/10\/6.jpg 1536w\" sizes=\"auto, (max-width: 768px) 100vw, 768px\" \/><\/a><\/figure>\n\n\n\n<figure class=\"wp-block-image size-large\"><a href=\"https:\/\/ipekotoservisi.com\/wp-content\/uploads\/2025\/10\/7.jpg\"><img loading=\"lazy\" decoding=\"async\" width=\"768\" height=\"1024\" data-id=\"291\" src=\"https:\/\/ipekotoservisi.com\/wp-content\/uploads\/2025\/10\/7-768x1024.jpg\" alt=\"\" class=\"wp-image-291\" srcset=\"https:\/\/ipekotoservisi.com\/wp-content\/uploads\/2025\/10\/7-768x1024.jpg 768w, https:\/\/ipekotoservisi.com\/wp-content\/uploads\/2025\/10\/7-225x300.jpg 225w, https:\/\/ipekotoservisi.com\/wp-content\/uploads\/2025\/10\/7-1152x1536.jpg 1152w, https:\/\/ipekotoservisi.com\/wp-content\/uploads\/2025\/10\/7.jpg 1536w\" sizes=\"auto, (max-width: 768px) 100vw, 768px\" \/><\/a><\/figure>\n\n\n\n<figure class=\"wp-block-image size-large\"><a href=\"https:\/\/ipekotoservisi.com\/wp-content\/uploads\/2025\/10\/8.jpg\"><img loading=\"lazy\" decoding=\"async\" width=\"768\" height=\"1024\" data-id=\"292\" src=\"https:\/\/ipekotoservisi.com\/wp-content\/uploads\/2025\/10\/8-768x1024.jpg\" alt=\"\" class=\"wp-image-292\" srcset=\"https:\/\/ipekotoservisi.com\/wp-content\/uploads\/2025\/10\/8-768x1024.jpg 768w, https:\/\/ipekotoservisi.com\/wp-content\/uploads\/2025\/10\/8-225x300.jpg 225w, https:\/\/ipekotoservisi.com\/wp-content\/uploads\/2025\/10\/8-1152x1536.jpg 1152w, https:\/\/ipekotoservisi.com\/wp-content\/uploads\/2025\/10\/8.jpg 1536w\" sizes=\"auto, (max-width: 768px) 100vw, 768px\" \/><\/a><\/figure>\n\n\n\n<figure class=\"wp-block-image size-large\"><a href=\"https:\/\/ipekotoservisi.com\/wp-content\/uploads\/2025\/10\/9.jpg\"><img loading=\"lazy\" decoding=\"async\" width=\"768\" height=\"1024\" data-id=\"293\" src=\"https:\/\/ipekotoservisi.com\/wp-content\/uploads\/2025\/10\/9-768x1024.jpg\" alt=\"\" class=\"wp-image-293\" srcset=\"https:\/\/ipekotoservisi.com\/wp-content\/uploads\/2025\/10\/9-768x1024.jpg 768w, https:\/\/ipekotoservisi.com\/wp-content\/uploads\/2025\/10\/9-225x300.jpg 225w, https:\/\/ipekotoservisi.com\/wp-content\/uploads\/2025\/10\/9-1152x1536.jpg 1152w, https:\/\/ipekotoservisi.com\/wp-content\/uploads\/2025\/10\/9.jpg 1536w\" sizes=\"auto, (max-width: 768px) 100vw, 768px\" \/><\/a><\/figure>\n\n\n\n<figure class=\"wp-block-image size-large\"><a href=\"https:\/\/ipekotoservisi.com\/wp-content\/uploads\/2025\/10\/10.jpg\"><img loading=\"lazy\" decoding=\"async\" width=\"768\" height=\"1024\" data-id=\"295\" src=\"https:\/\/ipekotoservisi.com\/wp-content\/uploads\/2025\/10\/10-768x1024.jpg\" alt=\"\" class=\"wp-image-295\" srcset=\"https:\/\/ipekotoservisi.com\/wp-content\/uploads\/2025\/10\/10-768x1024.jpg 768w, https:\/\/ipekotoservisi.com\/wp-content\/uploads\/2025\/10\/10-225x300.jpg 225w, https:\/\/ipekotoservisi.com\/wp-content\/uploads\/2025\/10\/10-1152x1536.jpg 1152w, https:\/\/ipekotoservisi.com\/wp-content\/uploads\/2025\/10\/10.jpg 1536w\" sizes=\"auto, (max-width: 768px) 100vw, 768px\" \/><\/a><\/figure>\n<\/figure>\n","protected":false},"excerpt":{"rendered":"<p>\u0130pek Oto Servis Olarak Pejo-Opel-Kia-Fiat-Citr\u00f6en-Hundai Marka b\u00fct\u00fcn ara\u00e7lar\u0131n tamir ve bak\u0131m hizmetleri yap\u0131lmaktad\u0131r.<\/p>\n","protected":false},"author":1,"featured_media":0,"parent":0,"menu_order":0,"comment_status":"closed","ping_status":"closed","template":"","meta":{"footnotes":""},"class_list":["post-68","page","type-page","status-publish","hentry"],"_links":{"self":[{"href":"https:\/\/ipekotoservisi.com\/index.php?rest_route=\/wp\/v2\/pages\/68","targetHints":{"allow":["GET"]}}],"collection":[{"href":"https:\/\/ipekotoservisi.com\/index.php?rest_route=\/wp\/v2\/pages"}],"about":[{"href":"https:\/\/ipekotoservisi.com\/index.php?rest_route=\/wp\/v2\/types\/page"}],"author":[{"embeddable":true,"href":"https:\/\/ipekotoservisi.com\/index.php?rest_route=\/wp\/v2\/users\/1"}],"replies":[{"embeddable":true,"href":"https:\/\/ipekotoservisi.com\/index.php?rest_route=%2Fwp%2Fv2%2Fcomments&post=68"}],"version-history":[{"count":5,"href":"https:\/\/ipekotoservisi.com\/index.php?rest_route=\/wp\/v2\/pages\/68\/revisions"}],"predecessor-version":[{"id":298,"href":"https:\/\/ipekotoservisi.com\/index.php?rest_route=\/wp\/v2\/pages\/68\/revisions\/298"}],"wp:attachment":[{"href":"https:\/\/ipekotoservisi.com\/index.php?rest_route=%2Fwp%2Fv2%2Fmedia&parent=68"}],"curies":[{"name":"wp","href":"https:\/\/api.w.org\/{rel}","templated":true}]}}